at is the greatest common divisor of p and q?
30
Suppose 52*h = -23*h + 276150. What is the highest common factor of 28 and h?
14
Suppose 0 = -48141*v + 48150*v - 162. Calculate the highest common divisor of v and 174.
6
Let w be (3/2)/((-1)/(-2)*1). Suppose -3*r - 5*d = -3*d - 131, w*d = -4*r + 174. What is the highest common divisor of r and 75?
15
Let g be (-12)/(-9)*(-3201)/2. Let a = 3187 + g. Calculate the greatest common factor of 9 and a.
9
Let h be 2436/27 + -3*(-2)/(-27). Let b = h - 62. What is the highest common factor of 140 and b?
28
Suppose -2*j - 3*j = -4*f - 130, 4*j - f = 115. Let p(u) = 5*u - 121. Let b be p(j). What is the highest common divisor of 29 and b?
29
Suppose -8*d - 6*d = -16800. Suppose 9*l - d = -7*l. What is the highest common divisor of 125 and l?
25
Let q be -5 - 14*45/(-6). What is the greatest common divisor of q and 2700?
100
Let u be 6/(-6)*(0 + -24). Let l be 4/(-48)*14 - 1/(-6). Let s be -4 - 0 - (-29 - l). Calculate the greatest common divisor of u and s.
24
Let z be (-528)/(-27 + 5) - -6610. What is the greatest common factor of z and 310?
62
Let p(l) = -l**2 - 36*l + 73. Let v be p(-37). Calculate the highest common divisor of v and 738.
18
Suppose 4*d = 3*b + 63, -2*b + 4*d - 33 - 5 = 0. Let p(i) = -i**3 - 25*i**2 - 3*i - 35. Let h be p(b). What is the highest common divisor of 56 and h?
8
Let s = -136 - -127. Let w(n) = -2*n - 6. Let l be w(s). Suppose 96 = 4*u + l. What is the greatest common divisor of 9 and u?
3
Let s(l) = 6*l**3 - 3*l**2 + 4*l - 2. Let v be s(2). Let w be 198 + (((-440)/10)/(-2) - 10). Calculate the greatest common divisor of w and v.
42
Let y(m) = -m**3 + 167*m - 14. Let o be y(-13). What is the highest common divisor of o and 892?
4
Suppose 0 = 8*d - 7*d - 28. Let q(v) = -v**2 + 16*v - 25. Let w be q(6). Calculate the highest common divisor of w and d.
7
Suppose -4*b + 7 + 1 = 0. Suppose 52 + b = 2*m. Let f(z) = -z**3 - 13*z**2 - 19*z + 36. Let i be f(-11). What is the highest common divisor of m and i?
3
Suppose -2*n - 35 + 71 = 0. Suppose -n = -2*v + 32. Suppose 19 + 56 = x. Calculate the highest common factor of x and v.
25
Let u be 4/6*(-4935)/(-94). What is the highest common divisor of u and 705?
5
Suppose -147*d = -11354 - 32893. Calculate the greatest common divisor of 2021 and d.
43
Let x be (-24)/(-2) - 162/54. What is the highest common factor of 1557 and x?
9
Suppose -1431 = -5*f - t, f = t - 83 + 368. Calculate the highest common divisor of f and 2717.
143
Let g = 6141 - 5933. What is the highest common divisor of g and 14664?
104
Let t(f) = -f**3 - 7*f**2 - 12*f + 14. Let g(x) = x**3 - 3*x**2 - 10*x + 18. Let k be g(2). Let c be t(k). What is the greatest common factor of 100 and c?
50
Let y be ((-11)/(-5))/(5/875). Calculate the greatest common factor of 70 and y.
35
Suppose -6*v + 180 = -v. Let h be ((-45)/(-2))/((-36)/(22896/(-265))). What is the highest common divisor of v and h?
18
Let d(s) = -s**3 - 7*s**2 - 3*s + 23. Let g be d(-7). Let x be ((-21)/14)/(2/24). Let t = 29 + x. Calculate the greatest common divisor of g and t.
11
Suppose 3388 = 95*c - 22*c - 700. What is the highest common divisor of 41608 and c?
56
Suppose 5*v = -2*f - 41, 3*v + 31 = -2514*f + 2516*f. Suppose 19 - 3 = 4*d. Let k be d - (-1 + v) - 5. What is the greatest common factor of k and 45?
9
Let z = -48 + 236. Let i = 372 - z. Calculate the greatest common factor of i and 230.
46
Let s be (-860)/(-301) - (-5)/35. Suppose -3*x = -120 - 72. Suppose -x = 3*k - 6*k - 4*m, s*k + 2*m = 62. Calculate the greatest common factor of k and 2.
2
Let w be 182 - (-4 - 6/6). Let t = w - 336. Let r = t - -197. What is the highest common divisor of 6 and r?
6
Let o = -97 - -106. Let m be (-2)/5 + (2997/45)/o. Calculate the greatest common divisor of m and 28.
7
Let q(r) = 686*r + 8649. Let v be q(-12). What is the greatest common factor of v and 5143?
139
Let u be (4 - 3)/(8/480*-3). Let a be ((-56)/u)/(16/760). What is the highest common factor of 7 and a?
7
Let x(m) = -87*m - 1734. Let t be x(-74). What is the greatest common factor of 12 and t?
12
Suppose -16*m - 4*m + 38579 = 4359. What is the highest common divisor of m and 87?
29
Let p = -207 + 1764. What is the greatest common divisor of p and 63?
9
Suppose 126 = 617*p - 616*p - 3*f, -3*f - 498 = -5*p. Let m = 470 - 253. Calculate the highest common factor of m and p.
31
Suppose -7*h + 3*h + 2*r + 816 = 0, 0 = -8*h - 5*r + 1650. What is the highest common divisor of h and 45?
5
Suppose 170*w = 177*w - 14. Suppose 15 = -3*x, -3*x - 524 = -5*c - 204. Let q be c/8 - 12/(-32). Calculate the highest common divisor of q and w.
2
Let a(h) = 42*h + 2982. Let r be a(-47). What is the greatest common factor of r and 18?
18
Let u be (2 - -285)/((-125)/(-250)). Calculate the greatest common factor of u and 42.
14
Suppose -1 = 2*f - 3. Let v(y) = 106*y**3 - 2*y**2 - y + 2. Let q be v(f). Let d = q - 83. Calculate the greatest common factor of d and 33.
11
Suppose -428 = -n - 48*b + 51*b, 0 = -2*n - 2*b + 824. Calculate the greatest common factor of 104 and n.
104
Let w(r) = 8*r**2 - 10*r - 110. Let t be w(-7). Let j = 357 - t. What is the highest common factor of j and 295?
5
Suppose -622*w = -621*w + 4*k - 216, -5*w + 1103 = -3*k. What is the highest common divisor of 1452 and w?
44
Suppose -64 = -2*v + 90. Suppose 43 = j - 5*z, 9*z - v = -4*j + 10*z. What is the highest common divisor of j and 2?
2
Suppose -21*m = 5*z - 24*m - 4293, -4295 = -5*z + 5*m. What is the highest common factor of 312 and z?
78
Let x(q) = -2*q**2 + 29*q + 53. Let p be x(16). Suppose 0 = 55*m - p*m - 4500. Calculate the greatest common factor of m and 120.
30
Let y = -4584 + 5168. Calculate the highest common divisor of y and 32.
8
Let f(d) = 4*d + 122. Let c be f(-30). Let l be 25/(-40)*c*-12*2. What is the greatest common divisor of l and 135?
15
Suppose 8*x - 264 = 12*x. Let t = x + 67. Suppose 59 = 3*n - t. Calculate the highest common factor of 5 and n.
5
Let k be 8200/6*(-45)/((765/54)/(-17)). What is the greatest common factor of 328 and k?
328
Let k be (-91)/(-10) + (-16)/160. Calculate the greatest common factor of k and 288.
9
Let m(y) = 2 + 9 + 12 + 7 - 12*y - y**2. Let t be m(-14). Suppose t*k - x = 50, 0 = 3*k - 0*k + 2*x - 75. What is the highest common factor of 100 and k?
25
Suppose a - 3*t = -2*a + 180, -2*a - 2*t = -112. Suppose 445 = -7*n - 7*n + 95. Let p = a + n. Calculate the greatest common factor of p and 11.
11
Suppose -4*o + 463 + 537 = 0. Let d(k) = -k**3 + 96*k**2 - 100*k + 550. Let i be d(95). Calculate the greatest common factor of i and o.
25
Let v be 1368*1*(2 - 1) - 3. Let k be (0 - 1)*v/(-5). Calculate the greatest common divisor of 39 and k.
39
Let h = -4050 - -6314. Calculate the greatest common divisor of h and 48.
8
Let m be 3*5/(-60) + (-18)/(-8). Suppose 109 = 3*j + m*r, 0*j + 3*r - 144 = -4*j. Suppose j = -8*y + 183. Calculate the highest common factor of y and 54.
18
Let w = -1315 - -1433. Let o(k) = k**3 + 8*k**2 - 16. Let u be o(-5). Calculate the greatest common factor of w and u.
59
Suppose -2*r + 204 = 5*u, -6*u = r - 7*u - 102. Suppose 0 = i + 3 - 1, -3*l + 208 = -2*i. What is the greatest common divisor of r and l?
34
Suppose 141*n = -118*n + 138815 + 107753. Calculate the greatest common divisor of n and 1400.
56
Let f = 9 + -9. Suppose 5*x - 3*x - 16 = f. Let w = -1946 - -2010. Calculate the highest common divisor of x and w.
8
Suppose 0*g = -g + 5*w + 67, -5*g + 4*w = -356. Suppose -3446 = 30*o - 33*o - 2*m, -3*o = m - 3451. What is the greatest common divisor of g and o?
72
Let t = 186 - 185. Suppose -4*m = -5*f + 182 + 264, -m = -t. Calculate the greatest common factor of f and 10.
10
Suppose -3*f - v - 3*v = 331, -f + v = 122. Let p = f + 237. Calculate the greatest common factor of 24 and p.
24
Let q be (50/(-4))/(1/(-4)). Let f be ((-4)/6)/((-2 + 9)/1050). Let r be f/(-80) + (-990)/(-8). Calculate the greatest common divisor of q and r.
25
Let r(i) = i**3 - 19*i**2 + 15*i + 60. Let v be r(18). Suppose -h + 3 = -4*c + 5*c, h = -3*c + 19. Calculate the greatest common factor of c and v.
2
Suppose -112 = -u - 2*k, -3*k + 423 = 4*u - 0*k. Let x(d) = -28*d**3 - 1173*d**2 + 126*d + 18. Let w be x(-42). Calculate the highest 